-3*v + 26380 = -0*p - 4*p. Suppose v + 3531 = s. Is s a composite number?
False
Suppose 34274 = 13*t + 3360. Is (0 - -1)/(0 - (-2)/t) a composite number?
True
Let i = 175114 - 78587. Is i a prime number?
True
Let x(u) = -3*u + 28. Let l be x(-20). Suppose -10*r + 6*r = -l. Let v(g) = -g**3 + 24*g**2 - 5*g + 49. Is v(r) composite?
False
Let x(d) = d**2 + d - 1. Let f(u) = u**3 - 6*u**2 - 7*u + 749. Let m(q) = f(q) + 6*x(q). Let t(h) = -h**2 + 7*h - 12. Let p be t(3). Is m(p) prime?
True
Let q = -175519 + 283538. Is q a composite number?
True
Let i = 3628 - 1074. Let k(p) = 4*p**3 + 10*p**2 + 15*p - 17. Let y be k(-8). Let j = i + y. Is j a composite number?
False
Let g = 29353 + -16310. Is g prime?
True
Suppose 1886*q - 1879*q - 2523787 = 0. Is q a prime number?
True
Suppose 10 = a + 4. Suppose -8*h + 3*h = a*h. Suppose 5*v + 4*f - 5305 = h, 2*f + 3*f + 2089 = 2*v. Is v prime?
False
Let a(g) = 10*g**2 - 8*g + 2. Let r be a(2). Suppose r*t + 8129 = 37*t. Is t a composite number?
False
Let w(l) = -l**2 - 12*l - 22. Let a be w(-9). Suppose q + 1 = a. Is 1479 - q/(-4)*2 prime?
True
Let q be (-2)/(20/(-114)) + 33/55. Suppose -4*p = -2*y + 6186, 3*y + q*p = 14*p + 9259. Is y composite?
False
Suppose 3*s = -12, -5*r + s - 20646 = -5025. Let i = -6750 - r. Let c = -1844 - i. Is c a composite number?
True
Let b = 78810 + -28829. Is b prime?
False
Suppose 4*x - 3*p - 135539 = 0, -33871 = -x + 8*p - 10*p. Is x prime?
False
Suppose 11*s = 14*s + 5*c - 29, 3*c - 39 = -3*s. Suppose 0 = -15*m + s*m - 12981. Is m composite?
False
Let z(o) = -174 + 219 - 2*o**2 - 10*o - 5*o**2 - 12*o**2 + o**3. Let c(m) = 4*m**3 - 4*m**2 + 2*m + 2. Let j be c(2). Is z(j) prime?
True
Suppose -5*p + 48708 = -20537. Is p composite?
True
Is (4/6)/(((-3)/6)/((-2256057)/12)) a composite number?
False
Let p = 6292 + -3711. Is p a composite number?
True
Let b(x) = -7*x**2 - 3*x + 15. Let y be b(5). Let u = 2668 - y. Is u composite?
False
Let c = 182193 + -113205. Let s = -42515 + c. Is s prime?
False
Let b = -5 + 9. Suppose 5*m + 2*q - 4*q = -20, -b*m + q - 13 = 0. Let k(a) = 275*a**2 + 4*a + 5. Is k(m) prime?
True
Suppose 0 = -2*m + 3*w + 111, 8*m - 4*w - 260 = 3*m. Is 2*6/(m/5444) prime?
True
Is 125083 + 4 - 4 - (-1 + 2 + -7) a composite number?
True
Let o(y) = -37*y**3 - 4*y**2 + 90*y + 788. Is o(-9) composite?
False
Let v be (-4)/(-14) - ((-9817368)/(-14))/(-12). Suppose 9*t - 50436 = v. Is t prime?
True
Let m(v) = -v**3 - v**2 - v + 157. Let s be m(0). Let l be (404/(-1010))/(2/(-260)). Let t = s + l. Is t a composite number?
True
Let w be 12/(-2 - (-210)/99). Suppose -4*v = -6*u + 3*u - 79, 0 = 5*v - 4*u - w. Is v composite?
False
Suppose -b + 72 = -3*c, -b + 2*c = 4*b - 334. Is (-2)/(-11) + (240030/b - -6) a composite number?
False
Suppose -3314 = 17*v - 917. Let k(g) = 19*g**2 + 3*g - 4. Let c be k(3). Let h = c - v. Is h prime?
True
Let d(n) = 407*n + 5. Let p be d(13). Let t = 8749 - p. Is t a prime number?
False
Suppose 4*u - 5*y - 28 + 8 = 0, 3*y = 2*u - 12. Suppose -4*j = -2*o - 1868, u*j - 5*o + 1868 = 4*j. Is j a composite number?
False
Suppose -25*w + 6 = -22*w. Let s(h) = -3824 - 3*h**3 - 6*h + w*h**3 + 14*h**2 + 3851. Is s(13) a prime number?
False
Let s be (-4 + (-3 - -7))/(-2). Suppose -2*k - 2 + 12 = s, 30 = 5*n + 2*k. Suppose 3688 = -n*r + 8*r. Is r a prime number?
False
Let g be 4523/2 + (-3)/(-6). Let f = -13265 - -11700. Let d = f + g. Is d a prime number?
False
Let q = -51771 + 89174. Is q a composite number?
True
Let z(i) = i**3 - 24*i**2 - 25*i + 44. Let p = 23 - -3. Is z(p) prime?
False
Let d be 16/28 - 9/(-21). Is 7*(941/(-2))/(d/(-2)) composite?
True
Let n(a) = 271*a**2 + 23*a + 125. Is n(-11) composite?
True
Let y = 370397 + -253914. Is y a composite number?
False
Let k(a) = 201*a**2 - 3*a - 1. Let v be 2/(3 - (-25)/(-10)). Is k(v) prime?
True
Let u(g) be the first derivative of 27*g**4/4 + g**3 - 5*g**2/2 + g - 18. Let c be u(3). Suppose -o - c = -3*o. Is o composite?
True
Let q(f) = f + 5. Let k be q(0). Let o(h) = 6*h + 190. Let x be o(-31). Suppose -4*i = -3*l + 2*l - 5439, k*l = x*i - 5419. Is i prime?
True
Let k(r) = -10 - 4 + 43*r**2 + 32*r**2 + 11*r. Is k(3) prime?
False
Suppose 0 = -3*u + y + 5, -5*u = -0*y - 5*y + 5. Let h = u + 0. Suppose -5*n + 2401 = -2*m, -h*n + n + 943 = 5*m. Is n composite?
False
Suppose -5*j = -32*a + 29*a - 2695, 2730 = 5*j + 4*a. Suppose -x + 2*k = -539, k - j = -x - 0*k. Is x a prime number?
True
Let z = -203 + 203. Suppose -4*o = -16, -1 = 5*s - 5*o - 6. Suppose 7715 = -z*x + s*x. Is x prime?
True
Let o be (39/(-3) + 4)*70756/(-3). Is o/190 - ((-18)/10 + 2) composite?
False
Let c be (-3)/(-9) - (0 + 115/3). Let d = -38 - c. Suppose -2*v + 1191 - 365 = d. Is v prime?
False
Let i be 22/4 - (-69)/(-138). Suppose -1952 = -3*w + 4*p + 12957, 2*p = i*w - 24825. Is w a prime number?
False
Let q(j) = 9 + 397*j + 29*j + 70*j. Suppose 322*t - 321*t + 4*a = -4, 0 = -4*t - 3*a + 10. Is q(t) a prime number?
True
Let m(x) = 198*x - 196. Let t be m(-9). Let g = 4823 + t. Is g composite?
True
Let j(p) be the second derivative of p**4/12 - 29*p**3/6 - 69*p**2/2 - 45*p. Is j(-32) a prime number?
False
Let n(q) = q**3 - 12*q**2 - 13*q + 8. Let w be n(13). Suppose 0 = w*v - 4*v + 3*k - 18881, 2*k = -2. Is v prime?
True
Let o(a) = -3*a + 40. Suppose 54 = 4*g + 6. Let r be o(g). Suppose 3*f - 2014 = -5*q, -5*f + r*q - 7*q = -3362. Is f prime?
True
Is -21 - 4893/(-231) - (-193235)/11 a prime number?
False
Let v(g) be the first derivative of -154*g**2 + 3*g - 29. Is v(-5) composite?
False
Let r(k) = 209*k - 9. Let w be r(3). Suppose 2*c = 4*p + w, -2*c + 615 = -20*p + 19*p. Is c prime?
True
Let p(k) = -3*k - 7*k - 77 + k**3 + 7*k + 61*k**2. Is p(-34) composite?
False
Suppose 9*d - 3*d - 30 = 0. Suppose -d*h = 2*k - 17, 0*k - k = 4. Suppose 5234 = h*n + 699. Is n a prime number?
True
Let u(f) = -f**3 - 12*f**2 + 31*f - 32. Suppose 2*s - 4*n + 3*n + 31 = 0, 2*s - 3*n + 29 = 0. Let v be u(s). Let h = -287 + v. Is h composite?
True
Let p = 1093 - 2529. Suppose 8441 = 3*s + 2*x, -9*x + 11238 = 4*s - 3*x. Let t = s + p. Is t prime?
True
Let u(i) = 11462*i**2 + 2*i + 93. Let x be u(-7). Suppose 63*a - x = 24*a. Is a a prime number?
False
Suppose 4*n = 4*y + 8, y + n + 17 = -n. Let k be (2358/(-2))/((-85)/10 - y). Let d = k - 299. Is d a prime number?
True
Suppose 61975 + 17806 = 3*h - 4*t, 26583 = h + 4*t. Is h prime?
True
Let c(b) = 19*b - 6. Let f be c(2). Let g = f + -32. Suppose -2*j + 7*j - 2285 = g. Is j a prime number?
True
Suppose 0 = r + 4*r + h + 160, -4*r + 5*h = 128. Is (-2)/(-8)*(36960 + r/8) a composite number?
False
Let m be (-3)/(0 + 9)*-9. Let s(t) = 649*t**2 + 4*t + 2. Is s(m) composite?
True
Let g be (-650244)/(-98) - 1/7. Let r = -4314 + g. Is r a composite number?
True
Suppose -27*l = -183680 - 216271. Is l a prime number?
True
Is 34831 + (12 - 19 - -10) composite?
True
Let a(v) = -v**3 + 8*v**2 + 5. Let u be a(8). Let j(b) = 71*b**2 - 11*b + 57. Is j(u) a prime number?
True
Let d(s) = -105459*s - 2975. Is d(-4) composite?
False
Let v(d) = -d**2 - 2*d + 1335. Let a be v(0). Let x = a + -456. Is x a composite number?
True
Suppose 15*s + 8 = 19*s. Suppose 5*g - 140 = 5*t, -2*g = g - s*t - 86. Is ((-222)/4)/(g/(-40)) a composite number?
True
Let b(n) = -20*n**2 + 43*n - 39. Let k be b(17). Let p = -1885 - k. Is p composite?
False
Let l be ((-10)/8)/(4/(-112)). Suppose 19 = 2*m - 3*s, 4*s - l = -4*m + 33. Let o(r) = 3*r**2 + 6*r + 17. Is o(m) prime?
False
Let y(z) = 52*z**2 - 16*z - 16. Let q be y(-1). Is 122620/15*273/q prime?
False
Let w(n) = 124*n**3 + 3*n**2 - 10*n + 19. Let s be (-5)/((-110)/(-4)) + 544/88. Is w(s) prime?
False
Let u(q) = -q**2 - 3*q + 2. Let p be u(-2). Let b be -2 + p - 1 - -3. Is b/12 + 1204/6 prime?
False
Suppose 2*d - 16222 = -0*d. Suppose 10*u - d = 1079. Is u prime?
True
Suppose -35838*f - 1120758 = -35860*f + 6974120. Is f prime?
True
Let i = 373535 + 31670. Is i a prime number?
False
Let u = -193 + 181. Let t be 19/7 + 6/21. Is 3/u + (6946/8 - t) a composite number?
True
Let s(g) = g**2 - 27*g - 31. Let k be s(31). Suppose -k*i + 4541 = -74*i. Is i a prime number?
True
Suppose -4 + 30 = -3*u - 2*y, -2 = 2*y. Let p(w) = w**3 + 19*w**2 + 2*w + 19. Is p(u) a prime number?
False
Suppose 3*w = -0*m +